base 3
1211021120
-1111223 (base 4) to base 13
-265a
Convert 143501 (base 6) to base 8.
32735
Convert -100101100 (base 2) to base 15.
-150
Convert 11001011111111 (base 2) to base 10.
13055
Convert -779 (base 10) to base 15.
-36e
1035 (base 8) to base 9
661
623 (base 8) to base 11
337
What is 9955 (base 12) in base 6?
210145
Convert 39bb4 (base 12) to base 10.
79480
What is 11011001111 (base 2) in base 4?
123033
3028 (base 9) to base 6
14125
What is 16b1 (base 14) in base 13?
1b16
What is -1140 (base 6) in base 8?
-424
Convert -4e5e (base 16) to base 3.
-1000112001
Convert -1459 (base 14) to base 12.
-2107
What is 1002332 (base 4) in base 3?
12212202
Convert 772 (base 9) to base 13.
398
11220000 (base 3) to base 11
2750
22206 (base 7) to base 12
32a0
2320 (base 6) to base 16
228
What is -332 (base 8) in base 10?
-218
What is 2000220 (base 3) in base 5?
21412
6202 (base 7) to base 6
13554
165c (base 13) to base 3
11111210
What is -2022 (base 5) in base 16?
-106
Convert -151031 (base 7) to base 9.
-44018
-140161 (base 7) to base 13
-c0a9
11022 (base 4) to base 3
110020
-24706 (base 8) to base 15
-327e
What is -121200 (base 3) in base 4?
-13002
Convert -6022 (base 8) to base 10.
-3090
Convert 153 (base 16) to base 11.
289
8133 (base 11) to base 7
43334
Convert -1100 (base 4) to base 6.
-212
Convert -3447 (base 8) to base 4.
-130213
-10312323 (base 4) to base 12
-b623
What is 1a020 (base 13) in base 6?
1030021
3d1 (base 15) to base 5
11441
Convert 12a (base 14) to base 13.
150
-13400 (base 5) to base 10
-1100
What is -10011001010010 (base 2) in base 11?
-7409
What is -1d81 (base 14) in base 16?
-151d
Convert -230a (base 16) to base 10.
-8970
Convert 42a (base 14) to base 8.
1466
-102200202 (base 3) to base 9
-12622
Convert -391 (base 13) to base 8.
-1161
Convert 2110212 (base 4) to base 2.
10010100100110
-21223 (base 4) to base 2
-1001101011
-24445 (base 8) to base 6
-120433
11111100 (base 2) to base 12
190
Convert 269 (base 12) to base 4.
11301
Convert -2302 (base 13) to base 8.
-11447
What is -21333032 (base 4) in base 6?
-513222
What is -1970 (base 11) in base 8?
-4701
Convert -767 (base 12) to base 9.
-1437
Convert -320251 (base 6) to base 12.
-13087
What is -310 (base 14) in base 3?
-211022
Convert -2334 (base 7) to base 8.
-1532
-1230323 (base 4) to base 8
-15473
What is -2233 (base 5) in base 8?
-476
Convert 316 (base 14) to base 5.
4413
What is 1010100100101 (base 2) in base 4?
1110211
Convert -3033 (base 4) to base 12.
-153
581a (base 15) to base 9
27577
-1536 (base 11) to base 8
-3667
What is -834 (base 9) in base 11?
-568
1200313 (base 4) to base 5
144244
What is -1a91 (base 12) in base 3?
-11111101
-b7d7 (base 14) to base 16
-7c01
Convert -15c3 (base 13) to base 15.
-e36
What is 2535 (base 7) in base 4?
32331
What is -113566 (base 7) in base 9?
-31141
-111001110 (base 2) to base 5
-3322
-200000002 (base 3) to base 14
-4ad6
-3d9 (base 16) to base 5
-12420
-100011 (base 2) to base 3
-1022
95 (base 12) to base 15
78
Convert -2102310 (base 4) to base 9.
-13800
Convert -8357 (base 13) to base 12.
-a60b
-17281 (base 12) to base 9
-50507
Convert -1023310 (base 5) to base 14.
-645c
56511 (base 7) to base 3
201122020
What is -8a07 (base 13) in base 10?
-19273
-80a (base 11) to base 13
-5a3
Convert 20a (base 16) to base 6.
2230
Convert 3003 (base 5) to base 12.
276
What is -67 (base 16) in base 4?
-1213
What is 29d9 (base 14) in base 16?
1d13
Convert 948 (base 13) to base 4.
120231
What is -4355 (base 6) in base 12?
-6bb
What is -15c4d (base 15) in base 3?
-10120101201
-33625 (base 8) to base 12
-8299
-10619 (base 11) to base 12
-8aa3
Convert -7106 (base 11) to base 16.
-24e4
105331 (base 6) to base 13
4120
-43 (base 14) to base 5
-214
Convert 291 (base 13) to base 4.
13020
1538 (base 10) to base 3
2002222
-5a (base 12) to base 10
-70
What is -3348 (base 12) in base 14?
-20d2
39d6 (base 16) to base 4
3213112
1a082 (base 11) to base 4
12312021
-1cb (base 14) to base 11
-311
What is -13b (base 13) in base 8?
-333
What is 20a4 (base 13) in base 12?
2754
What is -645 (base 9) in base 15?
-252
What is 45 (base 6) in base 14?
21
What is -364461 (base 7) in base 15?
-14a43
What is -14b7 (base 16) in base 12?
-309b
What is -11430 (base 6) in base 9?
-2260
16667 (base 12) to base 10
32047
Convert -2011022021 (base 3) to base 13.
-16468
What is 3644 (base 7) in base 13?
803
105510 (base 8) to base 16
8b48
Convert 3c1 (base 13) to base 10.
664
What is 882 (base 16) in base 4?
202002
22300 (base 4) to base 6
3104
Convert 20222101 (base 3) to base 8.
11736
Convert -2660 (base 8) to base 5.
-21311
36 (base 8) to base 11
28
1004 (base 7) to base 10
347
Convert 4427 (base 8) to base 3.
10012012
What is -2414031 (base 5) in base 6?
-543455
Convert 12332 (base 4) to base 14.
23c
Convert 55220 (base 6) to base 13.
3630
Convert -4526 (base 12) to base 4.
-1313232
1ab5 (base 12) to base 9
4472
637 (base 12) to base 11
755
What is 1563 (base 11) in base 2?
11111010101
-10111010100 (base 2) to base 5
-21432
Convert 143242 (base 5) to base 14.
22da
Convert 401 (base 5) to base 11.
92
What is -10f (base 16) in base 11?
-227
Convert -c26 (base 16) to base 12.
-1972
Convert -15724 (base 8) to base 11.
-5397
Convert -14671 (base 10) to base 3.
-202010101
Convert 34111 (base 6) to base 4.
1022323
-630 (base 11) to base 10
-759
-12210100 (base 3) to base 11
-3198
Convert 1348 (base 11) to base 16.
6d2
Convert -1880 (base 11) to base 2.
-100101010011
Convert -7344 (base 11) to base 12.
-5768
What is 1153 (base 16) in base 13?
2032
Convert 1b30 (base 16) to base 4.
1230300
Convert -223132 (base 4) to base 16.
-ade
What is -10040 (base 11) in base 3?
-202010220
Convert -4110 (base 5) to base 6.
-2242
-6303 (base 11) to base 8
-20240
361 (base 14) to base 5
10143
-490 (base 13) to base 5
-11133
What is -762 (base 14) in base 12?
-a16
What is 1011111011100101 (base 2) in base 11?
33797
Convert -22541 (base 8) to base 13.
-4481
Convert -186 (base 12) to base 11.
-204
Convert -189 (base 16) to base 8.
-611
Convert -1000033 (base 5) to base 12.
-9077
Convert 1527 (base 8) to base 2.
1101010111
cb92 (base 14) to base 13
13048
What is 1393 (base 14) in base 12?
2005
Convert -45662 (base 8) to base 9.
-28521
What is -1303041 (base 5) in base 6?
-313324
What is -132121 (base 4) in base 7?
-5446
What is -1668 (base 10) in base 12?
-b70
What is -1003244 (base 5) in base 6?
-202230
Convert 35800 (base 10) to base 15.
a91a
-12220 (base 7) to base 11
-2449
What is -43 (base 11) in base 15?
-32
-1111001111 (base 2) to base 13
-5a0
Convert -432312 (base 6) to base 5.
-2114130
What is -9b18 (base 14) in base 2?
-110100011111010
10242 (base 6) to base 9
1818
What is -21 (base 5) in base 14?
-b
What is -111101 (base 3) in base 13?
-21a
What is -1547 (base 9) in base 3?
-1121121
Convert 110100000011 (base 2) to base 11.
2559
What is -30a87 (base 11) in base 4?
-23002230
What is 102111201 (base 3) in base 16?
20c5
-125 (base 15) to base 12
-198
What is 10033 (base 4) in base 12?
1a7
Convert -7a6 (base 16) to base 6.
-13022
What is -2225 (base 11) in base 4?
-231303
Convert -1a3a (base 14) to base 10.
-4756
What is 25184 (base 9) in base 6?
210204
Convert -1159 (base 16) to base 12.
-26a1
202 (base 14) to base 9
477
-6634 (base 7) to base 11
-1871
Convert 16997 (base 14) to base 12.
28a35
-1568 (base 11) to base 2
-11111011010
1000111000001 (base 2) to base 14
1929
Convert 62 (base 10) to base 15.
42
Convert -1210022 (base 3) to base 6.
-10012
Convert -251451 (base 6) to base 14.
-8259
What is 1985 (base 15) in base 4?
1112111
-472 (base 12) to base 6
-3022
Convert 1765 (base 10) to base 3.
2102101
Convert 3220130 (base 4) to base 12.
8738
-2020110 (base 4) to base 10
-8724
-20134 (base 8) to base 3
-102100211
253 (base 9) to base 4
3102
Convert -122112 (base 3) to base 7.
-1244
11001011000010 (base 2) to base 12
762a
What is -1010011 (base 2) in base 15?
-58
Convert 1010110000 (base 2) to base 13.
40c
-528 (base 13) to base 2
-1101101111
Convert -606 (base 8) to base 12.
-286
What is -11520 (base 6) in base 15?
-789
What is -69 (base 14) in base 7?
-162
Convert -23022 (base 4) to base 7.
-2040
Convert -201122020 (base 3) to base 2.
-11011111101100
What is -23b (base 12) in base 10?
-335
Convert